{"id":38909,"date":"2023-12-16T11:03:38","date_gmt":"2023-12-16T11:03:38","guid":{"rendered":"https:\/\/wmzpn.pl\/?page_id=38909"},"modified":"2024-02-28T13:27:18","modified_gmt":"2024-02-28T13:27:18","slug":"wosp-oddzial-gizycko","status":"publish","type":"page","link":"https:\/\/wmzpn.pl\/?page_id=38909","title":{"rendered":"WOSP &#8211; Oddzia\u0142 Gi\u017cycko"},"content":{"rendered":"\n<p><\/p>\n\n\n<ul>\n<li><strong>Podstawowe informacje o o\u015brodku<\/strong><\/li>\n<\/ul>\n<p>Pierwsza klasa mistrzostwa sportowego w pi\u0142ce no\u017cnej ch\u0142opc\u00f3w powsta\u0142a w 2021 roku. W wyniku naboru do klasy o profilu pi\u0142ka no\u017cna przyj\u0119to 15 ch\u0142opc\u00f3w z rocznika 2006. Powsta\u0142a klasa koedukacyjna z dziewcz\u0119tami uprawiaj\u0105cymi pi\u0142k\u0119 r\u0119czn\u0105. W 2022 roku powsta\u0142a kolejna klasa z rocznika 2007 oraz w 2023 z rocznik\u00f3w 2008 i 2009. <strong>Obecnie<\/strong> obj\u0119tych szkoleniem w 3 klasach jest 50 ch\u0142opc\u00f3w z rocznik\u00f3w 2006-2009.<\/p>\n<ul>\n<li><strong>Trenerzy<\/strong><\/li>\n<\/ul>\n<p>Marek Radzewicz licencja UEFA A, Mariusz Narel licencja UEFA A , Wojciech Laskowski licencja UEFA B oraz trenerzy klubowi Mi\u0142osz Ko\u0142odziejczyk licencja UEFA A, Kamil Kami\u0144ski licencja UEFA B, Karol Murawski trener bramkarzy C. Wsparcie mentalne Pani mgr Katarzyna Bandura.<\/p>\n<ul>\n<li><strong>Zdj\u0119cia klas<\/strong><\/li>\n<\/ul>\n<div id='gallery-1' class='gallery galleryid-38909 gallery-columns-1 gallery-size-td_696x385'><figure class='gallery-item'>\n\t\t\t<div class='gallery-icon landscape'>\n\t\t\t\t<a href='https:\/\/wmzpn.pl\/wp-content\/uploads\/2024\/02\/IMG-20240116-WA0001-1.jpg'><img loading=\"lazy\" decoding=\"async\" width=\"696\" height=\"385\" src=\"https:\/\/wmzpn.pl\/wp-content\/uploads\/2024\/02\/IMG-20240116-WA0001-1-696x385.jpg\" class=\"attachment-td_696x385 size-td_696x385\" alt=\"\" \/><\/a>\n\t\t\t<\/div><\/figure><figure class='gallery-item'>\n\t\t\t<div class='gallery-icon landscape'>\n\t\t\t\t<a href='https:\/\/wmzpn.pl\/wp-content\/uploads\/2024\/02\/IMG-20240116-WA0002.jpg'><img loading=\"lazy\" decoding=\"async\" width=\"696\" height=\"385\" src=\"https:\/\/wmzpn.pl\/wp-content\/uploads\/2024\/02\/IMG-20240116-WA0002-696x385.jpg\" class=\"attachment-td_696x385 size-td_696x385\" alt=\"\" \/><\/a>\n\t\t\t<\/div><\/figure><figure class='gallery-item'>\n\t\t\t<div class='gallery-icon landscape'>\n\t\t\t\t<a href='https:\/\/wmzpn.pl\/wp-content\/uploads\/2024\/02\/IMG-20240116-WA0003-1.jpg'><img loading=\"lazy\" decoding=\"async\" width=\"696\" height=\"385\" src=\"https:\/\/wmzpn.pl\/wp-content\/uploads\/2024\/02\/IMG-20240116-WA0003-1-696x385.jpg\" class=\"attachment-td_696x385 size-td_696x385\" alt=\"\" \/><\/a>\n\t\t\t<\/div><\/figure><figure class='gallery-item'>\n\t\t\t<div class='gallery-icon landscape'>\n\t\t\t\t<a href='https:\/\/wmzpn.pl\/wp-content\/uploads\/2024\/02\/IMG-20240116-WA0004-1.jpg'><img loading=\"lazy\" decoding=\"async\" width=\"696\" height=\"385\" src=\"https:\/\/wmzpn.pl\/wp-content\/uploads\/2024\/02\/IMG-20240116-WA0004-1-696x385.jpg\" class=\"attachment-td_696x385 size-td_696x385\" alt=\"\" \/><\/a>\n\t\t\t<\/div><\/figure>\n\t\t<\/div>\n\n<ul>\n<li><strong>Wychowankowie<\/strong><\/li>\n<\/ul>\n<p>Debiuty w 3 lidze : Mateusz Waszczyn rocznik 2006<\/p>\n<p>Mecze w forBET IV Lidze:<\/p>\n<ul>\n<li>Daniel Radzewicz<\/li>\n<li>Dominik Romanowski<\/li>\n<li>B\u0142azej Typa<\/li>\n<li>Dawid Dziadosz<\/li>\n<li>Natan Choda\u0144<\/li>\n<li>Balcewicz Jakub<\/li>\n<li>Leszczynski Miko\u0142aj<\/li>\n<li>Matu\u0107 Aleksander<\/li>\n<li>Tymon Osmolik<\/li>\n<\/ul>\n<p>\u00a0<\/p>\n<ul>\n<li><strong>Koordynator<\/strong><\/li>\n<\/ul>\n<p>Marek Radzewicz tel. 695\u00a0277\u00a0109 , email:razdewicz5@wp.pl<\/p>","protected":false},"excerpt":{"rendered":"<p>Podstawowe informacje o o\u015brodku Pierwsza klasa mistrzostwa sportowego w pi\u0142ce no\u017cnej ch\u0142opc\u00f3w powsta\u0142a w 2021 roku. W wyniku naboru do klasy o profilu pi\u0142ka no\u017cna przyj\u0119to 15 ch\u0142opc\u00f3w z rocznika 2006. Powsta\u0142a klasa koedukacyjna z dziewcz\u0119tami uprawiaj\u0105cymi pi\u0142k\u0119 r\u0119czn\u0105. W 2022 roku powsta\u0142a kolejna klasa z rocznika 2007 oraz w 2023 z rocznik\u00f3w 2008 i [&hellip;]<\/p>\n","protected":false},"author":7,"featured_media":0,"parent":0,"menu_order":0,"comment_status":"closed","ping_status":"closed","template":"","meta":{"footnotes":""},"class_list":["post-38909","page","type-page","status-publish","hentry"],"_links":{"self":[{"href":"https:\/\/wmzpn.pl\/index.php?rest_route=\/wp\/v2\/pages\/38909","targetHints":{"allow":["GET"]}}],"collection":[{"href":"https:\/\/wmzpn.pl\/index.php?rest_route=\/wp\/v2\/pages"}],"about":[{"href":"https:\/\/wmzpn.pl\/index.php?rest_route=\/wp\/v2\/types\/page"}],"author":[{"embeddable":true,"href":"https:\/\/wmzpn.pl\/index.php?rest_route=\/wp\/v2\/users\/7"}],"replies":[{"embeddable":true,"href":"https:\/\/wmzpn.pl\/index.php?rest_route=%2Fwp%2Fv2%2Fcomments&post=38909"}],"version-history":[{"count":2,"href":"https:\/\/wmzpn.pl\/index.php?rest_route=\/wp\/v2\/pages\/38909\/revisions"}],"predecessor-version":[{"id":39546,"href":"https:\/\/wmzpn.pl\/index.php?rest_route=\/wp\/v2\/pages\/38909\/revisions\/39546"}],"wp:attachment":[{"href":"https:\/\/wmzpn.pl\/index.php?rest_route=%2Fwp%2Fv2%2Fmedia&parent=38909"}],"curies":[{"name":"wp","href":"https:\/\/api.w.org\/{rel}","templated":true}]}}