{"id":1281,"date":"2018-07-12T10:09:47","date_gmt":"2018-07-12T10:09:47","guid":{"rendered":"http:\/\/wmzpn1.home.pl\/autoinstalator\/wordpress1\/?page_id=1281"},"modified":"2024-05-14T09:49:13","modified_gmt":"2024-05-14T09:49:13","slug":"kontakt","status":"publish","type":"page","link":"https:\/\/wmzpn.pl\/?page_id=1281","title":{"rendered":"Kontakt"},"content":{"rendered":"<div class=\"wpb-content-wrapper\"><p>[vc_row][vc_column width=&#8221;2\/3&#8243;][vc_single_image image=&#8221;1284&#8243; img_size=&#8221;full&#8221; alignment=&#8221;center&#8221; onclick=&#8221;custom_link&#8221; css_animation=&#8221;fadeInDown&#8221; link=&#8221;http:\/\/wmzpn1.home.pl\/autoinstalator\/wordpress1\/?page_id=973&#8243;][vc_column_text]<\/p>\n<h3><span style=\"color: #529d44;\">Warmi\u0144sko-Mazurski Zwi\u0105zek Pi\u0142ki No\u017cnej<\/span><\/h3>\n<p>al. Pi\u0142sudskiego 69A, 10-449 Olsztyn<\/p>\n<hr \/>\n<p>NIP: 739-118-34-67<br \/>\nREGON: 510200371<\/p>\n<hr \/>\n<p>Konto bankowe: <b>40 8838 0005 2017 0900 0707 0001<br \/>\n<span style=\"color: #339966;\">UWAGA! ZMIANA RACHUNKU BANKOWEGO<\/span><br \/>\n<\/b>[\/vc_column_text][vc_btn title=&#8221;KONTAKTY DO PRACOWNIK\u00d3W BIURA&#8221; style=&#8221;outline&#8221; shape=&#8221;square&#8221; color=&#8221;green&#8221; size=&#8221;lg&#8221; align=&#8221;left&#8221; i_icon_fontawesome=&#8221;fa fa-phone&#8221; button_block=&#8221;true&#8221; add_icon=&#8221;true&#8221; link=&#8221;url:http%3A%2F%2Fwmzpn.pl%2F%3Fpage_id%3D1303|||&#8221;][vc_gmaps link=&#8221;#E-8_JTNDaWZyYW1lJTIwc3JjJTNEJTIyaHR0cHMlM0ElMkYlMkZ3d3cuZ29vZ2xlLmNvbSUyRm1hcHMlMkZlbWJlZCUzRnBiJTNEJTIxMW0xOCUyMTFtMTIlMjExbTMlMjExZDIzNTcuOTAzOTA5MjM5NDc4JTIxMmQyMC41MDYzMjUzMTUzMjA3MSUyMTNkNTMuNzczMzk3OTUwMzM5MDUlMjEybTMlMjExZjAlMjEyZjAlMjEzZjAlMjEzbTIlMjExaTEwMjQlMjEyaTc2OCUyMTRmMTMuMSUyMTNtMyUyMTFtMiUyMTFzMHg0NmUyNzkyY2MwMDhhMjFiJTI1M0EweDEyMzJmNzljZGRmNGUyMDUlMjEyelYyRnliV25GaEhOcmJ5QXRJRTFoZW5WeWMydHBJRnAzYWNTRmVtVnJJRkJweFlKcmFTQk9iOFc4Ym1WcSUyMTVlMCUyMTNtMiUyMTFzcGwlMjEyc3BsJTIxNHYxNTMxMzkwMTcxMzYwJTIyJTIwd2lkdGglM0QlMjI2MDAlMjIlMjBoZWlnaHQlM0QlMjI0NTAlMjIlMjBmcmFtZWJvcmRlciUzRCUyMjAlMjIlMjBzdHlsZSUzRCUyMmJvcmRlciUzQTAlMjIlMjBhbGxvd2Z1bGxzY3JlZW4lM0UlM0MlMkZpZnJhbWUlM0U=&#8221;][\/vc_column][vc_column width=&#8221;1\/3&#8243;][vc_widget_sidebar sidebar_id=&#8221;td-default&#8221;][\/vc_column][\/vc_row]<\/p>\n<\/div>","protected":false},"excerpt":{"rendered":"<p>[vc_row][vc_column width=&#8221;2\/3&#8243;][vc_single_image image=&#8221;1284&#8243; img_size=&#8221;full&#8221; alignment=&#8221;center&#8221; onclick=&#8221;custom_link&#8221; css_animation=&#8221;fadeInDown&#8221; link=&#8221;http:\/\/wmzpn1.home.pl\/autoinstalator\/wordpress1\/?page_id=973&#8243;][vc_column_text] Warmi\u0144sko-Mazurski Zwi\u0105zek Pi\u0142ki No\u017cnej al. Pi\u0142sudskiego 69A, 10-449 Olsztyn NIP: 739-118-34-67 REGON: 510200371 Konto bankowe: 40 8838 0005 2017 0900 0707 0001 UWAGA! ZMIANA RACHUNKU BANKOWEGO [\/vc_column_text][vc_btn title=&#8221;KONTAKTY DO PRACOWNIK\u00d3W BIURA&#8221; style=&#8221;outline&#8221; shape=&#8221;square&#8221; color=&#8221;green&#8221; size=&#8221;lg&#8221; align=&#8221;left&#8221; i_icon_fontawesome=&#8221;fa fa-phone&#8221; button_block=&#8221;true&#8221; add_icon=&#8221;true&#8221; link=&#8221;url:http%3A%2F%2Fwmzpn.pl%2F%3Fpage_id%3D1303|||&#8221;][vc_gmaps link=&#8221;#E-8_JTNDaWZyYW1lJTIwc3JjJTNEJTIyaHR0cHMlM0ElMkYlMkZ3d3cuZ29vZ2xlLmNvbSUyRm1hcHMlMkZlbWJlZCUzRnBiJTNEJTIxMW0xOCUyMTFtMTIlMjExbTMlMjExZDIzNTcuOTAzOTA5MjM5NDc4JTIxMmQyMC41MDYzMjUzMTUzMjA3MSUyMTNkNTMuNzczMzk3OTUwMzM5MDUlMjEybTMlMjExZjAlMjEyZjAlMjEzZjAlMjEzbTIlMjExaTEwMjQlMjEyaTc2OCUyMTRmMTMuMSUyMTNtMyUyMTFtMiUyMTFzMHg0NmUyNzkyY2MwMDhhMjFiJTI1M0EweDEyMzJmNzljZGRmNGUyMDUlMjEyelYyRnliV25GaEhOcmJ5QXRJRTFoZW5WeWMydHBJRnAzYWNTRmVtVnJJRkJweFlKcmFTQk9iOFc4Ym1WcSUyMTVlMCUyMTNtMiUyMTFzcGwlMjEyc3BsJTIxNHYxNTMxMzkwMTcxMzYwJTIyJTIwd2lkdGglM0QlMjI2MDAlMjIlMjBoZWlnaHQlM0QlMjI0NTAlMjIlMjBmcmFtZWJvcmRlciUzRCUyMjAlMjIlMjBzdHlsZSUzRCUyMmJvcmRlciUzQTAlMjIlMjBhbGxvd2Z1bGxzY3JlZW4lM0UlM0MlMkZpZnJhbWUlM0U=&#8221;][\/vc_column][vc_column width=&#8221;1\/3&#8243;][vc_widget_sidebar sidebar_id=&#8221;td-default&#8221;][\/vc_column][\/vc_row]<\/p>\n","protected":false},"author":2,"featured_media":0,"parent":0,"menu_order":0,"comment_status":"closed","ping_status":"closed","template":"","meta":{"footnotes":""},"class_list":["post-1281","page","type-page","status-publish","hentry"],"_links":{"self":[{"href":"https:\/\/wmzpn.pl\/index.php?rest_route=\/wp\/v2\/pages\/1281","targetHints":{"allow":["GET"]}}],"collection":[{"href":"https:\/\/wmzpn.pl\/index.php?rest_route=\/wp\/v2\/pages"}],"about":[{"href":"https:\/\/wmzpn.pl\/index.php?rest_route=\/wp\/v2\/types\/page"}],"author":[{"embeddable":true,"href":"https:\/\/wmzpn.pl\/index.php?rest_route=\/wp\/v2\/users\/2"}],"replies":[{"embeddable":true,"href":"https:\/\/wmzpn.pl\/index.php?rest_route=%2Fwp%2Fv2%2Fcomments&post=1281"}],"version-history":[{"count":34,"href":"https:\/\/wmzpn.pl\/index.php?rest_route=\/wp\/v2\/pages\/1281\/revisions"}],"predecessor-version":[{"id":40731,"href":"https:\/\/wmzpn.pl\/index.php?rest_route=\/wp\/v2\/pages\/1281\/revisions\/40731"}],"wp:attachment":[{"href":"https:\/\/wmzpn.pl\/index.php?rest_route=%2Fwp%2Fv2%2Fmedia&parent=1281"}],"curies":[{"name":"wp","href":"https:\/\/api.w.org\/{rel}","templated":true}]}}